= 0. Is w a composite number?
False
Suppose 3*q + 3273 = 20625. Let x = -1613 + q. Suppose -4*r + 2090 = 2*u, -3*u - u + x = -r. Is u a composite number?
True
Let t(z) = z**2 + z + 1. Let o(b) = -4*b**2 + 2*b - 5. Let u(w) = -o(w) - 3*t(w). Is u(-7) a prime number?
False
Suppose -13*v - 132230 = -48*v. Is v composite?
True
Let g(d) = -d**3 + 7*d**2 - 3*d - 6. Let n be g(6). Is (-1997)/(-4) + (-3)/n prime?
True
Suppose -3*d + 30 = -4*j, 3*d - d = 5*j + 20. Let n(o) = -o**2 - o. Let k(u) = 7*u**2 - 2*u - 14. Let s(x) = k(x) + 6*n(x). Is s(d) a prime number?
False
Let i = -482 - -157. Suppose -8 = 4*f, 571 = h + 5*f - 189. Let t = i + h. Is t a composite number?
True
Let a(x) = -x**2 + 6*x + 12. Let w be a(7). Let y(f) = -f**3 + 7*f**2 + 2. Let r be y(7). Is (3 - w)*(-127)/r composite?
False
Let w = 111 + -37. Suppose 2*o - w = o. Is o a prime number?
False
Let q be (-25)/10*(-2212)/10. Suppose 0*y = 3*b + y - q, 0 = -4*b - y + 738. Is b a prime number?
False
Suppose 3*q - 8655 = 6606. Is q a composite number?
False
Is ((-2458516)/(-44) - -2) + (-84)/231 prime?
False
Suppose -138*i + 11645 = -133*i. Is i composite?
True
Let v(r) = -15*r + 13. Let i be v(-9). Suppose -p - 4*s = i, 0 = -s - 2*s + 6. Is 2/(-10) + p/(-5) a prime number?
True
Is (-1)/6 + (-9 - 307842/(-36)) composite?
True
Let d = -34 + 32. Is (1 - d/4)/((-33)/(-23342)) composite?
False
Let h = -2894 + 5023. Is h composite?
False
Is -3 + 41465 + (6 - 6) + 3 composite?
True
Suppose -3*b - 2*p - 4 = 0, -3*b + 2*p = -0*b - 4. Suppose -4*z = -o + 26, b*o + 28 = 3*o - 2*z. Suppose 5*r - 313 = -2*u, 1 = 5*r + o. Is u a prime number?
False
Let b(g) = -46*g + 43. Let t(c) be the second derivative of -5*c**3/2 + 7*c**2 - 14*c. Let x(k) = 2*b(k) - 7*t(k). Is x(5) a composite number?
False
Let z(j) = j - 16. Let s be z(11). Is (s/(2 - -3))/((-2)/1642) a prime number?
True
Let m be (-56)/(-21)*(-3)/(-2). Let z be (-8 + -1 + m)*-1. Suppose -5*x = 4*q - 231, z*q - 2*x = -x + 296. Is q a composite number?
False
Let i be 1*(-12)/(-7)*7. Let a = i + -12. Suppose 0 = -a*z + z - 51. Is z a composite number?
True
Let f = 452 + -383. Is f prime?
False
Let t(f) = 10*f + 0*f - 7 - 7. Is t(6) a composite number?
True
Let o be 24/32*(8 - 0). Is (0 - (3 - 15/o))*-844 composite?
True
Suppose -8*a + 781992 = -211712. Is a a composite number?
False
Let k = -3988 + 5645. Is k a composite number?
False
Let n = -634 - -6701. Is n a prime number?
True
Let f(n) be the first derivative of n**6/10 - n**4/8 + 2*n**3/3 + 4*n**2 + 1. Let w(x) be the second derivative of f(x). Is w(2) composite?
True
Suppose -26*t - 10 = -31*t. Suppose 0*r + 5*r - 603 = -t*o, 0 = -2*o + 3*r + 563. Is o composite?
True
Suppose x = 193 + 46. Suppose -5*g = -4*h + 523, 4*g - x = -2*h - g. Is h a prime number?
True
Suppose x - 1580 = 6*x. Is 3 - x/(10/4 - 2) composite?
True
Suppose -4*n = 3*q - 304, 0 = n - q - 44 - 39. Suppose -n = 5*l - 1734. Is l prime?
True
Let i be 2 - 2/(-2 + 0). Let c be 52/(-234) + 2074/18. Suppose i*o = 496 - c. Is o prime?
True
Let c = 26 - 26. Suppose -3*p - 1376 = -5*f, c = 5*f - 0*p - 5*p - 1380. Is f composite?
True
Let l(h) = 30*h + 53. Let o be l(-8). Let q be -2 + 377 - (1 + 0). Let d = q + o. Is d a prime number?
False
Let j be (2/(-3))/((-4)/24). Suppose 0 = -2*c + 5*g + j + 4, 4*c - 16 = g. Suppose -4*t - r + 2999 = 0, 2892 + 117 = c*t - r. Is t a prime number?
True
Is -2*3 + 21066/6 a composite number?
True
Let u(r) = 39*r**2 + 6*r - 53. Is u(-10) a composite number?
True
Let d(y) = y**3 + 9*y**2 - 3*y + 1. Let a be d(-9). Let r(w) = -32 + 236*w**2 - 2*w - a + 61. Is r(1) composite?
True
Let s = 1218 + 187. Suppose 2*y + s = 3*t + 180, 0 = t - y - 409. Is t prime?
False
Let n = -233 + 29. Let i = -47 - n. Is i prime?
True
Suppose -4*q = 3*i - 1673, 3*i - 296 = 3*q - 1556. Suppose 5*v = 276 + q. Is v composite?
False
Suppose -22*d + 21*d = -2. Suppose 387 = 3*k - 0*m + d*m, -4*m - 405 = -3*k. Is k prime?
True
Is (-1)/(4*2/(-52712)) - -6 a composite number?
True
Let b = 2874 - 1231. Is b a prime number?
False
Suppose 13529 = -3*v - 2*a, 4*v + 18040 = -3*a - 0*a. Let p = v + 10851. Is p/32 + 9/12 composite?
False
Suppose 0 = -6*r + 3*r + 198. Suppose -r + 373 = g. Is g a composite number?
False
Suppose -2094 = -4*c - 2*c. Let n = c + -150. Is n prime?
True
Let w = -1152 - -2111. Is w prime?
False
Suppose -1299*b + 1313*b = 152642. Is b composite?
False
Let u = 478 - 951. Let b = -178 - u. Is b a composite number?
True
Suppose 0 = -5*v + 15. Suppose -z + 12 = 5*y - v*z, y = z. Suppose -360 - 148 = -y*c. Is c prime?
True
Let g be (-52)/(-9) - 4/(-18). Suppose -3*s = -g*s + 117. Suppose 3*d - s = -0*d. Is d composite?
False
Suppose -3*u - 6 = 204. Let s = -33 - u. Is s composite?
False
Let j(s) = 630*s**2 - 5*s + 5. Let w be j(3). Suppose 1262 - w = -6*o. Is o a composite number?
False
Let t be (-8)/10*(9/(-6) + -1). Suppose -t*v + d + 2300 = 3*d, 3452 = 3*v + d. Is v composite?
False
Let o(d) = 5*d**2 + 15*d + 11. Let j = 11 - 7. Suppose 0 = -j*c + 10 - 2, -2*c = -4*p - 36. Is o(p) prime?
True
Suppose 3*a - 16533 = -3*d, -2*d + 4*a + 10998 = -0*d. Is d composite?
False
Suppose 0 = 3*o - 5*x - 187994, 2*x = 3*o - 7*o + 250650. Is o prime?
False
Let s = 837 - 154. Is s a prime number?
True
Suppose 229 = -2*l - 139. Let t = -262 + 175. Let b = t - l. Is b a composite number?
False
Let l = -222 - -259. Is l a prime number?
True
Let g = -7523 + 11556. Is g a composite number?
True
Suppose -96*o + 1548037 = -55*o. Is o prime?
False
Suppose -d = 3*g - 2338, 2*g + 5*d = 2*d + 1561. Let u be (-3)/(-2)*32/12. Suppose 873 = u*j - g. Is j a prime number?
False
Let v(s) = s**2 - 3*s + 15. Let p = -28 + 36. Is v(p) a prime number?
False
Let u be (5/(-5))/((-2)/4). Suppose u*g - 8*g = 0. Suppose g = -2*x + x + 37. Is x composite?
False
Let v(d) = 26*d - 9. Let f be v(-1). Is (f/(-14))/((-1)/(-346)) a composite number?
True
Suppose o - 1 = 0, 2*p + 5*o + 62 + 35 = 0. Is ((-174)/(-9))/((-2)/p) a prime number?
False
Suppose -n - o = -7, 5*n + 2*o + 5 = 7*o. Let d be 1/(n/24*4). Let h(a) = 6*a**3 + 2*a**2 - 2*a - 1. Is h(d) a composite number?
True
Let n = -67 - -79. Is 310 - (-8)/((-32)/n) a prime number?
True
Suppose 0 = 18*u - 34431 - 187383. Is u prime?
True
Suppose -4*y + 11678 = 2*a, 3*y + 2*a = -2*y + 14599. Is y composite?
True
Suppose -39*c + 28*c + 994807 = 0. Is c a composite number?
False
Let k(b) = 7*b + 2153. Is k(0) composite?
False
Let t(p) = p**3 + p + 365. Suppose -9 = k - 4*m, -2*k - 2*k = m + 121. Let a = 29 + k. Is t(a) a prime number?
False
Suppose -2*o = -4*o, -5*c + 4*o = -1150. Let z = c + -59. Suppose p = 86 + z. Is p a composite number?
False
Let g(p) = 3953*p + 499. Is g(12) a prime number?
False
Suppose -7*c = -2821 + 9884. Let i = -556 - c. Is i a prime number?
False
Let r(y) = -y**2 + 12*y - 25. Let f be r(10). Let n(b) = -4 - 50*b + 3 - 6 + 4. Is n(f) composite?
True
Suppose g + 174 = -g. Suppose 129 = -4*q - b - 3, -4*q + 3*b = 116. Let p = q - g. Is p composite?
True
Suppose 5 = 3*l - 4. Let t be 3/(l/35)*5. Suppose x = 78 + t. Is x a prime number?
False
Suppose 0 = 49*w + 17*w - 66462. Is w composite?
True
Let r(u) = u**3 - 23*u**2 + 9*u + 28. Is r(23) prime?
False
Let m(h) = -h**2 + 5*h - 9*h + h + 5 + 6*h**2 + 6*h**3. Is m(5) composite?
True
Let u be -4 - (1224/(-7 - -4) - -1). Suppose 0 = m - 0*m - 146. Let g = u - m. Is g composite?
False
Let w(r) = -3*r**3 - 19*r**2 + 4*r + 7. Is w(-11) prime?
True
Suppose 21*q + 68514 = 24*q - 5*x, q = -5*x + 22858. Is q a prime number?
False
Suppose 0 = 7*f - 6*f - 6733. Is f a composite number?
False
Let k(c) = 5*c**2 + 7*c + 6. Let w be k(-4). Let u(r) = r**2 + 3*r. Let z be u(-3). Suppose -w = -z*n - n. Is n composite?
True
Suppose -5*k - 3*c + 23 = -k, -3*c + 15 = 0. Suppose 4*f = k*l + 15114, -5*f + 0*l = -3*l - 18892. Is f composite?
False
Let h(g) = -g**3 + 8*g**2 - 2*g + 18. Let z be h(8). Suppose 3*x = -z*x + 255. Is x composite?
True
Let g = 4 - 2. Suppose -3*a + 836 = 2*c, 0*a + g*a = 5*c - 2128. Suppose 5 = 5*o, 4*v = 9*v - o - c. Is v prime?
False
Suppose -7*j - 15 = -4*j, t - 5*j - 12308 = 0. Is t prime?
False
Suppose -5*p + 6*p + 11 = 0. Let b(j) = -j**2 - 13*j - 12. Let n be b(p). Suppose n = 4*t - 2*t, 2*y - t - 757 = 0. Is y composit